839
200022211001 (base 3) to base 14
9565b
What is 1101002001220 (base 3) in base 7?
6126432
Convert -30221312010 (base 4) to base 12.
-113b770
What is -274073 (base 8) in base 3?
-11220010020
99b162 (base 16) to base 9
20851675
What is 20101033213 (base 4) in base 7?
24266032
Convert -3ec00 (base 15) to base 7.
-1500261
Convert 222101221102 (base 3) to base 15.
a3ede
Convert -2bca2c (base 15) to base 8.
-10051421
Convert 210443 (base 6) to base 2.
100001001111011
Convert -4438852 (base 12) to base 8.
-61516676
-21000212002 (base 3) to base 14
-38620
What is -11111000101110 (base 2) in base 7?
-64260
Convert -147365 (base 9) to base 10.
-90698
Convert -76120 (base 9) to base 7.
-266640
What is 1796 (base 12) in base 11?
2161
Convert 15a5 (base 14) to base 2.
111100011101
-2612023 (base 11) to base 12
-1623798
-11111001010000100111 (base 2) to base 7
-11451403
1782470 (base 11) to base 9
5611583
2341425 (base 8) to base 11
3a7735
Convert 213000320 (base 4) to base 2.
100111000000111000
Convert 10000100001010010100000 (base 2) to base 4.
100201102200
-10010111001010001010 (base 2) to base 14
-1218ca
Convert 11a613 (base 12) to base 4.
1012033233
Convert -1254245 (base 9) to base 10.
-685463
Convert -24352461 (base 7) to base 6.
-114425213
What is -529bc (base 13) in base 5?
-14231000
-41100a (base 11) to base 12
-27a076
Convert -67873 (base 14) to base 16.
-3d5ed
2407325 (base 9) to base 11
811061
5367047 (base 8) to base 9
2630444
What is 64d3ce (base 15) in base 7?
55554233
282328 (base 9) to base 16
2a119
What is 13402550 (base 6) in base 15?
8dc50
What is 2500676 (base 8) in base 12?
292592
Convert 2b91e6 (base 15) to base 14.
3cb921
-10101101001001101110 (base 2) to base 6
-23111250
5556702 (base 8) to base 5
340423222
What is 21cb5c (base 15) in base 2?
110001001101010010101
Convert 21111222010012 (base 3) to base 12.
1407b12
1001110102210 (base 3) to base 4
2020300332
What is 220584b (base 13) in base 14?
154d31a
-294122 (base 10) to base 6
-10145402
What is 2142603 (base 7) in base 2?
1000000001000100100
111231324 (base 5) to base 9
830780
224516 (base 8) to base 2
10010100101001110
What is -333b1b (base 12) in base 9?
-1472575
13163345 (base 8) to base 5
1223131233
Convert 336b3a (base 14) to base 2.
110101010100111000000
136cb2 (base 16) to base 2
100110110110010110010
What is 543201022 (base 6) in base 5?
4434023244
-506aa (base 13) to base 16
-23257
What is -175744 (base 9) in base 6?
-2201404
1522a20 (base 12) to base 13
b696c4
What is 1011010000000001010100 (base 2) in base 11?
1734865
441046 (base 10) to base 4
1223223112
106702 (base 14) to base 9
1036202
Convert 24633b7 (base 13) to base 6.
1042323220
What is -11050345 (base 6) in base 4?
-1101112121
Convert 220112301 (base 5) to base 6.
32103052
-213453 (base 6) to base 15
-5383
What is 2231123130 (base 4) in base 15?
e0729
What is 3107380 (base 9) in base 11?
a33301
Convert -221962 (base 12) to base 6.
-15342202
What is -2337076 (base 8) in base 7?
-5266410
Convert 1111101111111000011101 (base 2) to base 14.
796697
Convert -3625246 (base 8) to base 9.
-1774407
What is 1293163 (base 14) in base 9?
17765036
What is 12011302 (base 5) in base 13?
3b211
-1668b6 (base 12) to base 5
-44304111
Convert -3f04 (base 16) to base 7.
-65014
What is -11102132321 (base 4) in base 15?
-1c5bd5
-31782 (base 12) to base 14
-199bc
Convert -176018 (base 9) to base 3.
-12120000122
What is -c5627 (base 14) in base 6?
-14111203
1344260 (base 8) to base 5
44112211
119899 (base 11) to base 15
3add2
Convert -188413 (base 10) to base 14.
-4c941
What is -15080ba (base 13) in base 5?
-3203413003
What is -1443a22 (base 12) in base 16?
-3e1dfa
Convert 26881 (base 11) to base 16.
95b5
Convert 130232131223 (base 4) to base 5.
3411432342
Convert 2540352 (base 6) to base 7.
1111631
What is 119293 (base 14) in base 3?
1010120001012
-22013033 (base 5) to base 14
-4c9b8
4293 (base 11) to base 4
1120210
Convert 1a4254 (base 11) to base 13.
ac677
-206300 (base 8) to base 5
-4200200
Convert 13745416 (base 9) to base 16.
6813ff
Convert -cd0edd (base 16) to base 11.
-7649757
What is 12208327 (base 9) in base 13?
1310497
-100110110011011101101 (base 2) to base 5
-311142113
What is 111000001000101100010 (base 2) in base 11?
1047015
111101001111000010000 (base 2) to base 6
111001320
-864716 (base 11) to base 15
-1c492c
Convert 121310110 (base 4) to base 16.
19d14
Convert 105014103 (base 6) to base 3.
10121022000110
1354229 (base 10) to base 14
273749
211322302 (base 5) to base 8
3302300
Convert 14562111 (base 8) to base 7.
40230510
Convert cdb138 (base 15) to base 3.
200110022002022
Convert 402351 (base 8) to base 10.
132329
What is 3200211000 (base 4) in base 12?
384400
What is -39579 (base 11) in base 13?
-1c9b4
Convert -22034132 (base 5) to base 15.
-3b412
Convert -22201100120010 (base 3) to base 12.
-16749b6
Convert -100022001100012 (base 3) to base 10.
-4941410
-2310032012 (base 4) to base 16
-b4386
Convert -3a2939 (base 13) to base 3.
-2122101220210
Convert -370821 (base 15) to base 10.
-2634331
Convert -110010101111001000111 (base 2) to base 8.
-6257107
43441324 (base 6) to base 15
1a917a
Convert -c894c (base 15) to base 13.
-1939b0
Convert -16010 (base 8) to base 2.
-1110000001000
Convert 6023626 (base 8) to base 9.
2872416
What is -2fa85 (base 16) in base 11?
-12372a
375372 (base 9) to base 7
1633613
What is 484a0b0 (base 12) in base 8?
65424004
Convert 10023243232 (base 5) to base 15.
d21662
What is 44021 (base 8) in base 14?
6a1b
What is 23771677 (base 8) in base 16?
4ff3bf
200022003 (base 6) to base 3
20022211011010
33885 (base 9) to base 14
833d
21101131112 (base 4) to base 11
1410334
Convert 1077095 (base 12) to base 13.
86098a
-1101100010010000100101 (base 2) to base 8
-15422045
1014031034 (base 5) to base 9
3843762
Convert -26571 (base 9) to base 15.
-54ca
Convert -367760 (base 10) to base 7.
-3061121
Convert -2011111012 (base 3) to base 11.
-2a042
Convert 30012221232 (base 4) to base 11.
18779a2
-11142214 (base 5) to base 8
-302544
What is 13a5ca (base 13) in base 5?
110324312
Convert 11001100110110001010 (base 2) to base 16.
ccd8a
Convert 15203377 (base 8) to base 5.
1342201244
182742 (base 14) to base 4
3100001212
8a7a32 (base 13) to base 15
449be4
645c (base 13) to base 3
201010010
435015 (base 8) to base 4
203220031
What is 464321 (base 9) in base 11?
180470
What is -1725aa5 (base 13) in base 8?
-34460160
223223132 (base 4) to base 3
100002102022
Convert 325341044 (base 6) to base 2.
10110010110110110010100
-53533025 (base 6) to base 3
-2222102120122
What is 1693468 (base 13) in base 10?
7318969
Convert -31112 (base 5) to base 8.
-3760
-100011102120202 (base 3) to base 4
-102211000001
Convert 695410 (base 10) to base 8.
2516162
What is 22110220312 (base 4) in base 9?
5073807
Convert -191da2 (base 15) to base 6.
-42102512
Convert 8b9a0 (base 16) to base 2.
10001011100110100000
-2033231000 (base 4) to base 12
-244768
64c392 (base 14) to base 9
6373423
What is 307126 (base 8) in base 10?
101974
What is 1d2519 (base 14) in base 9?
1860642
-20204131 (base 6) to base 16
-8cb57
What is -19113a (base 11) in base 10?
-294315
1004aa (base 12) to base 14
66d22
-3101200102 (base 4) to base 8
-3214022
-28d2ab (base 14) to base 15
-1d077b
11150384 (base 9) to base 7
63645430
What is 1201001122001 (base 3) in base 14?
198579
Convert -304310 (base 6) to base 10.
-24306
What is 13b80 (base 14) in base 3?
2111002201
2310523 (base 6) to base 13
41a00
Convert -c0996 (base 16) to base 2.
-11000000100110010110
Convert -14154030 (base 6) to base 4.
-1311212202
301bd (base 14) to base 2
11100001110011011
694b8 (base 14) to base 11
165493
What is 367c37 (base 13) in base 2?
100111110000010101010
Convert e4aea9 (base 15) to base 7.
161254215
Convert -121050 (base 9) to base 11.
-4a894
Convert -67734450 (base 8) to base 14.
-1d393a8
Convert 516a3 (base 12) to base 6.
2140323
What is 103312021 (base 5) in base 7?
3543266
Convert -72081 (base 10) to base 7.
-420102
Convert 635860a (base 11) to base 8.
52555264
What is -20334022 (base 5) in base 13?
-5b620
What is -1030113332 (base 4) in base 13?
-ac50b
13042012 (base 9) to base 14
bca285
What is 53240 (base 12) in base 4?
122222100
What is 231014411 (base 7) in base 8?
6567560